ime factors of 1171310089?
1171310089
What are the prime factors of 60198008?
2, 13, 578827
List the prime factors of 3349351983.
3, 1116450661
What are the prime factors of 212417755?
5, 11, 3862141
What are the prime factors of 5045963660?
2, 5, 173, 1458371
What are the prime factors of 344374689?
3, 114791563
List the prime factors of 1181957322.
2, 3, 7, 13, 309251
List the prime factors of 3879321579.
3, 7, 17, 47, 8563
What are the prime factors of 3034643704?
2, 6829, 55547
List the prime factors of 7842304.
2, 17, 53
List the prime factors of 1360066516.
2, 467, 728087
What are the prime factors of 958386721?
958386721
What are the prime factors of 68028078?
2, 3, 233, 48661
What are the prime factors of 56247201?
3, 19, 328931
List the prime factors of 5054237902.
2, 7, 23, 15696391
What are the prime factors of 1259822632?
2, 271, 581099
List the prime factors of 4960832850.
2, 3, 5, 179, 2281
List the prime factors of 1187519512.
2, 83, 1788433
What are the prime factors of 74826367?
7, 11, 17, 57163
What are the prime factors of 49590352?
2, 7, 43, 1471
What are the prime factors of 272899901?
37, 331, 22283
What are the prime factors of 86649200?
2, 5, 11, 47, 419
What are the prime factors of 48688922?
2, 24344461
List the prime factors of 3010505664.
2, 3, 47, 149, 2239
What are the prime factors of 2339814826?
2, 373, 853, 3677
What are the prime factors of 50933244?
2, 3, 4244437
List the prime factors of 1710233435.
5, 109, 127, 24709
What are the prime factors of 40343356?
2, 10085839
What are the prime factors of 80335026?
2, 3, 4463057
What are the prime factors of 134972160?
2, 3, 5, 35149
What are the prime factors of 27885171?
3, 1129, 8233
What are the prime factors of 166842255?
3, 5, 131, 197, 431
List the prime factors of 337765542.
2, 3, 56294257
What are the prime factors of 139913831?
149, 939019
What are the prime factors of 276208195?
5, 107, 516277
List the prime factors of 47905989.
3, 15968663
List the prime factors of 104423831.
163, 337, 1901
What are the prime factors of 1505330884?
2, 1427, 263723
List the prime factors of 1365090664.
2, 7, 23, 211, 5023
List the prime factors of 13789732.
2, 11, 29, 101, 107
List the prime factors of 7563365.
5, 53, 28541
What are the prime factors of 122920988?
2, 557, 55171
List the prime factors of 77835223.
347, 224309
List the prime factors of 135135134.
2, 59, 1145213
What are the prime factors of 219697315?
5, 1049, 41887
List the prime factors of 317959374.
2, 3, 31, 373, 4583
What are the prime factors of 129335389?
29, 4459841
What are the prime factors of 26327435?
5, 5265487
List the prime factors of 855461198.
2, 29, 14749331
List the prime factors of 559533551.
1667, 335653
List the prime factors of 250244980.
2, 5, 397, 31517
List the prime factors of 148461452.
2, 139, 267017
What are the prime factors of 541557891?
3, 7, 8596157
What are the prime factors of 2799279675?
3, 5, 4147081
What are the prime factors of 15372380?
2, 5, 359, 2141
What are the prime factors of 249936491?
7, 1103, 32371
List the prime factors of 279100822.
2, 7, 11, 13, 109, 1279
List the prime factors of 6794295454.
2, 4409, 770503
What are the prime factors of 458661118?
2, 2677, 85667
What are the prime factors of 3678983603?
3253, 1130951
What are the prime factors of 3963232?
2, 7, 13, 1361
List the prime factors of 1672788639.
3, 557596213
List the prime factors of 53441516.
2, 13360379
List the prime factors of 1215286225.
5, 17, 61, 46877
List the prime factors of 72307930.
2, 5, 547, 13219
List the prime factors of 156425450.
2, 5, 571, 5479
What are the prime factors of 5227145282?
2, 83, 31488827
What are the prime factors of 2134432443?
3, 11, 13, 89, 55903
List the prime factors of 125322558.
2, 3, 331, 63103
What are the prime factors of 210486372?
2, 3, 17540531
What are the prime factors of 106810987?
106810987
List the prime factors of 204805411.
204805411
List the prime factors of 204583171.
13, 3461, 4547
What are the prime factors of 11427992?
2, 137, 10427
List the prime factors of 418255327.
7, 313, 27271
List the prime factors of 1713956970.
2, 3, 5, 11, 439, 11831
What are the prime factors of 68657098?
2, 1493, 22993
What are the prime factors of 18077973?
3, 6025991
List the prime factors of 249337647.
3, 13, 199, 10709
List the prime factors of 3851478245.
5, 770295649
What are the prime factors of 114734697?
3, 7, 11, 496687
List the prime factors of 55535349.
3, 167, 110849
List the prime factors of 316525499.
17, 18619147
What are the prime factors of 189350627?
11003, 17209
List the prime factors of 472433372.
2, 2683, 44021
What are the prime factors of 5116447367?
5116447367
List the prime factors of 708291768.
2, 3, 29512157
List the prime factors of 213325659.
3, 23702851
List the prime factors of 3150088377.
3, 1231, 852989
What are the prime factors of 108377314?
2, 54188657
What are the prime factors of 49398719?
17, 2905807
List the prime factors of 5442277732.
2, 89, 97, 359, 439
What are the prime factors of 56030671?
31, 79, 137, 167
List the prime factors of 3598716394.
2, 7, 13, 19, 139, 7487
What are the prime factors of 381857740?
2, 5, 11, 17, 102101
What are the prime factors of 2205993139?
7, 31, 10165867
List the prime factors of 108188545.
5, 41, 527749
What are the prime factors of 1509136856?
2, 41, 619, 7433
List the prime factors of 81000649.
81000649
List the prime factors of 80289201.
3, 79, 338773
What are the prime factors of 303651954?
2, 3, 769, 21937
What are the prime factors of 570897174?
2, 3, 95149529
What are the prime factors of 49086476?
2, 151, 181, 449
List the prime factors of 837345723.
3, 1361, 205081
List the prime factors of 950434240.
2, 5, 7, 101, 4201
What are the prime factors of 2141107?
167, 12821
What are the prime factors of 38686889?
38686889
What are the prime factors of 9410755?
5, 229, 8219
List the prime factors of 190895930.
2, 5, 53, 360181
List the prime factors of 884505403.
59, 14991617
List the prime factors of 1569695183.
7, 149, 1504981
List the prime factors of 20405019.
3, 37, 183829
What are the prime factors of 67509141?
3, 7, 191, 16831
List the prime factors of 243261397.
107, 2273471
List the prime factors of 33609336.
2, 3, 97, 14437
What are the prime factors of 13523777?
181, 74717
What are the prime factors of 1879441233?
3, 37, 443, 1033
List the prime factors of 118087832.
2, 14760979
List the prime factors of 137333808.
2, 3, 953707
What are the prime factors of 3930417936?
2, 3, 27294569
List the prime factors of 3259053800.
2, 5, 59, 276191
What are the prime factors of 3549800536?
2, 79, 977, 5749
What are the prime factors of 71453237?
4783, 14939
What are the prime factors of 80798265?
3, 5, 1795517
List the prime factors of 950463605.
5, 7, 13, 160687
List the prime factors of 9662754271.
67, 9203, 15671
List the prime factors of 10675449.
3, 113, 3499
What are the prime factors of 121766977?
31, 3927967
What are the prime factors of 642504843?
3, 139, 513593
What are the prime factors of 1871501573?
29, 1361, 47417
What are the prime factors of 121104812?
2, 29, 113, 9239
What are the prime factors of 271103606?
2, 5689, 23827
List the prime factors of 1289051651.
127, 10150013
List the prime factors of 6533733605.
5, 7, 186678103
What are the prime factors of 49226197?
49226197
List the prime factors of 9210307720.
2, 5, 2963, 77711
List the prime factors of 3423724585.
5, 684744917
What are the prime factors of 1096494835?
5, 6959, 31513
List the prime factors of 2552970090.
2, 3, 5, 11, 7736273
What are the prime factors of 367576086?
2, 3, 61262681
What are the prime factors of 3117257044?
2, 11, 70846751
List the prime factors of 26705408.
2, 43, 1213
What are the prime factors of 153467275?
5, 13, 19, 29, 857
List the prime factors of 38564004.
2, 3, 503, 6389
List the prime factors of 2081761.
11, 189251
What are the prime factors of 21362067?
3, 29, 81847
List the prime factors of 531258228.
2, 3, 17, 868069
List the prime factors of 3016008913.
17, 41, 254537
List the prime factors of 515450548.
2, 179, 719903
List the prime factors of 3452629.
1217, 2837
List the prime factors of 112773043.
179, 630017
List the prime factors of 2431572891.
3, 11, 1